ghest common divisor of y and 7?
1
Let i(w) = 2*w**2 + 6*w - 6. Let v = 1 + -7. Let t be i(v). Suppose 0*y + y - 3*h = 87, 0 = 4*y + 2*h - 292. Calculate the highest common factor of t and y.
15
Suppose 0 = 5*v - 3 - 27. Let g be ((-44)/(-10))/(5/75). What is the greatest common divisor of g and v?
6
Let g = -6 + 17. Suppose 3*j - 13 - g = 0. Let v = -4 - -92. What is the highest common divisor of v and j?
8
Let f = -39 - -151. What is the highest common divisor of f and 14?
14
Let n(k) = k**2 - 2*k - 3. Let s be n(5). Let d = 62 + -14. What is the highest common divisor of s and d?
12
Let i = -62 - -74. What is the greatest common divisor of 16 and i?
4
Suppose -87 + 4907 = 5*g. Let z = 2 + -8. Let l be 2/z + g/12. Calculate the greatest common factor of 20 and l.
20
Suppose z - 28 = -3*z + 2*u, -z = -4*u. Suppose -t + 2*j + 38 = t, -t + 14 = -2*j. What is the greatest common divisor of z and t?
8
Let b = -5 + -15. Let q be (-15)/b*(-8)/(-3). Let m(l) = -3*l**3 - 3*l**2 - 3*l - 2. Let d be m(-2). Calculate the highest common factor of q and d.
2
Let l be (10/(-4))/(1*(-1)/32). What is the highest common divisor of 10 and l?
10
Suppose 3*k + 6 = 0, 0*o - 2*o - 2*k + 108 = 0. What is the greatest common divisor of 8 and o?
8
Let o be 60*(-5 - 55/(-10)). What is the highest common factor of 40 and o?
10
Suppose -2*u = -0*u. Suppose 0 = 2*b + 4*t + 32, u = t - 0*t. Let c = -4 - b. Calculate the highest common factor of 18 and c.
6
Suppose -x + 67 + 68 = 0. Suppose -2*d - 2*c - 175 = 3*c, 4*d = -c - 305. Let f be (12/(-10))/(6/d). What is the greatest common factor of x and f?
15
Suppose -p + 5*v + 55 = 3*p, -3*v - 45 = -3*p. Let g be (-74*(-2 - 0))/2. Suppose 24 = -j + g. What is the highest common factor of j and p?
10
Let p(u) = u**3 - 9*u**2 + 5. Let i be p(9). Calculate the highest common factor of 20 and i.
5
Suppose -3*g + 4 = -g. Let o be g + 183 + 0 + 2. Let a(b) = -b**3 - 7*b**2 - b + 10. Let t be a(-7). Calculate the greatest common divisor of o and t.
17
Suppose 3*d - 42 = -0*d. Let c be -12*-2*6/(-16). Let m(x) = -2*x - 11. Let q be m(c). Calculate the greatest common factor of d and q.
7
Let a = -5 - -7. Suppose 0*b - 10 = -a*b. What is the highest common divisor of 35 and b?
5
Let n be -2 + 0 + 3/(3/38). What is the greatest common divisor of n and 12?
12
Suppose 3*b - 6*b = -4*a - 23, 7 = a - 5*b. Let f be (-162)/a - (-2)/(-8). Let k be 5 + (2 - 0) + -3 + 4. What is the greatest common factor of f and k?
4
Let u = 161 + -113. Suppose u - 3 = 5*w. Suppose j - 5*j + 180 = 0. What is the highest common divisor of w and j?
9
Let i = 9 + -6. Suppose i*l = 4*l - 6. Suppose -3*h + 42 = a, -a + 16 = -5*h - 26. What is the highest common factor of l and a?
6
Suppose -28 = -3*h + 20. Let c be (h/(-10))/((-12)/150). Calculate the greatest common divisor of 30 and c.
10
Let y be (-1)/3 + (-2778)/(-18). What is the greatest common divisor of 14 and y?
14
Let h be ((-8)/6)/(2/(-9)). Suppose 0 = -2*z - l + 19, 4*z = -z - 5*l + 35. Calculate the highest common divisor of h and z.
6
Suppose 2*h + 0*h - 241 = 3*z, 3*h - 359 = 5*z. What is the highest common factor of h and 16?
16
Let f(y) be the second derivative of y**4/12 - y**3/3 - 5*y**2/2 + y. Suppose -q + 5 = -0*q. Let g be f(q). Calculate the highest common factor of g and 20.
10
Suppose k - 2*k = 0. Let j be ((-1)/1 - k) + 0. Let z be (-1)/j + (-16)/(-2). Calculate the greatest common divisor of z and 81.
9
Let b be -15*(-2)/2*1. Let p be 5/(75/6)*30. Let r be (-45)/6*p/(-9). What is the highest common divisor of b and r?
5
Let z be 6*(1 + (-11)/(-2)). Let f(c) = c**2 - 3. Suppose -4*w - 8 = -2*w. Let x be f(w). Calculate the greatest common factor of z and x.
13
Suppose b - 4*k = -81 + 359, 2*b - 4*k - 564 = 0. What is the highest common factor of b and 26?
26
Suppose -5*b - 38 = i - 3*i, 0 = 2*i + b - 26. Suppose -3 - i = -p. Suppose p = n + 1. Calculate the highest common factor of n and 16.
16
Let a = 72 - 40. Let y = 1 - -1. Suppose -y*j + 0*j + 8 = 0. Calculate the greatest common divisor of a and j.
4
Suppose -16*d + 360 = -13*d. Let v = 13 + 2. Calculate the greatest common factor of d and v.
15
Suppose 3*h = 5*q + 310, -3*h - 127 + 446 = 4*q. Calculate the highest common divisor of h and 42.
21
Suppose -17 = -11*b + 60. What is the greatest common factor of 49 and b?
7
Suppose -60 = -j - 0*j. Calculate the greatest common divisor of j and 12.
12
Let d be (9/(-12))/(1/(-12)). Suppose -4*l - 1 = -d. Let r = 23 + -9. Calculate the highest common divisor of r and l.
2
Let h be 1/(1/(0 - -8)). Suppose -3*b - 3*j + 5*j = -16, 2*j = h. Suppose -17 = -5*z + 23. What is the highest common divisor of z and b?
8
Let u(x) = -x**2 + 24*x - 46. Let l be u(19). Calculate the greatest common factor of 490 and l.
49
Let v = 24 - 1. Let w = 35 - v. Suppose w = 3*q - 12. What is the highest common factor of 16 and q?
8
Let z be 2*(15/2 + -1). Calculate the greatest common divisor of 13 and z.
13
Let s(j) = -j + 1. Let b be s(-1). Let t(g) = g - 3. Let r be t(12). Suppose -4*v + r*v = 30. Calculate the highest common divisor of v and b.
2
Let n be -3*15/(-9) + 65. What is the highest common divisor of 175 and n?
35
Suppose 5*j - 11 = -c + 4*c, 4*c + 4 = -4*j. What is the greatest common divisor of 9 and j?
1
Suppose p - 6*p = 5*l + 245, 2*p + 51 = -l. Let w be (117/(-12))/(4/(-48)). Let i = w + l. What is the greatest common factor of i and 14?
14
Suppose -675 = -4*u + 285. Suppose u = a + 3*a. Suppose -z - 6 = 2*p - 24, -4*p + a = 3*z. Calculate the greatest common factor of z and 8.
8
Suppose -2*i + 156 = 2*s, 5*s + i - 402 = -0*s. What is the highest common factor of 9 and s?
9
Let k(b) = -b - 1. Let h be k(5). Let c = h + 18. Let f = c - 6. Calculate the greatest common factor of f and 54.
6
Let u(o) = 14*o + 2. Let p be u(2). Let h = 5 + -3. Suppose 5*r - 6*r = h*z - 16, r + 5*z - 25 = 0. What is the greatest common factor of p and r?
10
Let j(q) = 15*q + 3. Let g be j(1). Let a = -7 - -13. Calculate the greatest common divisor of g and a.
6
Let r(i) = i**3 + 9*i**2 - 7*i + 4. Let t be r(-8). Let h = t - 76. What is the highest common divisor of h and 12?
12
Let j = -47 + 31. Let m = -12 - j. Let f(u) = 2*u**2 + 2*u - 2. Let x be f(-2). Calculate the highest common divisor of m and x.
2
Suppose -8*f + 9*f = 108. Calculate the greatest common factor of 27 and f.
27
Suppose -20*v + 15*v = -100. Calculate the highest common factor of 160 and v.
20
Let n = 13 + -12. Calculate the highest common divisor of n and 9.
1
Let r be 12/60 - 1118/(-10). What is the greatest common factor of r and 16?
16
Let m = -27 + 32. Suppose r + m - 14 = 0. Calculate the highest common factor of 45 and r.
9
Let p = 6 - 6. Suppose p = -2*m - 2 + 18. Calculate the highest common divisor of 12 and m.
4
Let t(b) = 4*b - 55. Let n be t(17). What is the highest common divisor of n and 143?
13
Let j be 1/(1 + 57/(-60)). Let t = 89 - j. What is the greatest common factor of t and 23?
23
Let x = -627 - -1161. Suppose x = 4*n + 94. Calculate the greatest common factor of 44 and n.
22
Let w = 11 + 0. Let l(n) = -8*n**3 - 2*n - 1. Let y be l(-2). Let c = 122 - y. What is the highest common factor of w and c?
11
Suppose 7*i = 4*i + 51. Let t be (4 - (-9)/(-3))*i. Let f(c) = -5*c - 3. Let v be f(-4). What is the greatest common factor of t and v?
17
Let k(p) = -p**3 + 9*p**2 + 15*p - 15. Let z be k(10). What is the highest common divisor of z and 5?
5
Suppose g - 5*t + 4 = -12, 4*g - 4*t = 0. Suppose 2*j - g = 6. What is the greatest common divisor of 2 and j?
1
Let i = 13 + -9. Let z(d) = d**3 - 4*d. Let h be z(3). Let o be (2 - (-1)/(-1)) + h. What is the highest common divisor of i and o?
4
Let l(h) = -54*h + 2. Let p be l(-1). What is the greatest common divisor of p and 140?
28
Let d be 8/(-24) + ((-62)/(-6) - 0). Calculate the greatest common factor of d and 30.
10
Let n(y) = 4*y + 66. Let t be n(24). Calculate the highest common factor of 6 and t.
6
Let j(m) = 5*m**2 + 2*m. Let z be j(-2). Calculate the greatest common factor of 40 and z.
8
Let d(w) = -w**3 + 7*w**2 - 5*w - 3. Let l be d(6). Suppose 0 = z - 5*k + 5 - 49, 52 = 2*z - k. Calculate the highest common divisor of z and l.
3
Let g = 16 + 1. Suppose 60 = 4*k - 2*q, 